n d is divided by o?
19
What is the remainder when (-3500)/(10 - 20) + -13 is divided by 85?
82
Suppose 23*h - 1005 - 1157 = 0. What is the remainder when h is divided by 2?
0
Suppose 6*d - 690 = -186. Calculate the remainder when d is divided by 15.
9
Let v(l) = -28*l - 129. What is the remainder when 3/((-6)/(-62)) - -1 is divided by v(-5)?
10
Let i(j) = -5*j**2 - 7*j - 1 - 12 + 0*j**2. Let p(t) = -3*t**2 - 3*t - 6. Let s(g) = 2*i(g) - 5*p(g). What is the remainder when s(-3) is divided by 16?
14
What is the remainder when 149 is divided by (-1)/4 + (-178)/(-8) + 4?
19
Suppose -8 - 2 = -j. Let a = -7 + j. Suppose -a*q = -4 - 5. Calculate the remainder when 3 is divided by q.
0
Let v = -7 - -58. Calculate the remainder when v is divided by 26.
25
Let m = -23 - -17. Let v = m + 12. What is the remainder when 9 is divided by v?
3
Calculate the remainder when 10/((-400)/310)*-12 is divided by 34.
25
Suppose 3*p - 152 = 22. What is the remainder when 162 is divided by p?
46
Let w = 39 - 37. Suppose -18 = -h + w*k, 12 = 4*h - 5*h - 4*k. What is the remainder when 21 is divided by h?
5
Let s(p) = -p**2 + 7*p + 11. Let i be s(8). Suppose -i*u = -n - 111, 0 = -n - n - 6. Calculate the remainder when u is divided by (1 - -25)/((-14)/(-11 + 4)).
10
Let r = 104 + 36. Suppose 7*u - r = 2*u. Suppose 3*y + 4*t - 227 - 15 = 0, -t = 4*y - 327. What is the remainder when y is divided by u?
26
Let g = -1231 - -1260. What is the remainder when 36 is divided by g?
7
Suppose 0 = -36*i + 17*i + 1330. Calculate the remainder when 138 is divided by i.
68
Let g = -40 + 52. Calculate the remainder when 26 is divided by (g/(-8))/((-3)/30).
11
Suppose 6*t = 3*t + 69. Suppose -2*k - b + t = -34, -b = 1. What is the remainder when k is divided by 16?
13
Let y = -34 - -1663. Calculate the remainder when y is divided by 16.
13
Let w = 1 + -3. Calculate the remainder when ((-2)/(-3))/((-12)/(-198)) is divided by (w - (-3 - 1))*2.
3
Let j(x) = 6*x**3 + x**2 - 2*x + 39. What is the remainder when 152 is divided by j(0)?
35
Let j(n) = -3*n + 942. What is the remainder when j(-54) is divided by 79?
77
Let w = -34 - -38. Suppose w*i = -2*n + 56, n = 2*i - 0*i + 32. What is the remainder when 89 is divided by n?
29
Suppose 32*s = 9*s + 43976. What is the remainder when s is divided by 58?
56
Let m(r) be the first derivative of -r**4/4 - 8*r**3/3 + 4*r**2 - 15*r + 17. Calculate the remainder when m(-10) is divided by 36.
33
Let s(v) = 10*v - 32. Let m be s(-3). Let p(b) = 10*b**2 - 2*b - 1. Let u be p(4). Let g = u + m. Calculate the remainder when g is divided by 30.
29
Suppose 5*y = 4*s + 4, -1 - 3 = -y. Suppose s*u - 97 = -57. What is the remainder when 19 is divided by u?
9
Let q be 1*(-37 - 3)/(-5). Let t(f) = f**3 - 10*f**2 + 18*f + 1. What is the remainder when 98 is divided by t(q)?
13
Calculate the remainder when 15/4*(10 - 26)/(-4) is divided by 15.
0
Suppose -2*a + 13 + 155 = 0. Let g = 22 + 0. What is the remainder when a is divided by g?
18
Let t(b) = -b**2 - 24*b + 56. Let y = -5 + -20. Calculate the remainder when t(y) is divided by 18.
13
Suppose -4*s + 8 = -0*s. Suppose 2*p - 2 = -y, y - s*p - 6 = -0. Let c = -11 + 13. What is the remainder when y is divided by c?
0
Suppose 3*k = n - 94, 4*n + 35*k = 34*k + 324. Calculate the remainder when n is divided by 32.
18
Let j = -18 + 18. Suppose -2*k = -j*k - 44. Suppose 0 = n + 4*a - 84, n + 0*a - 5*a - 39 = 0. What is the remainder when n is divided by k?
20
Let s(b) = 8*b**2 - 100*b - 48. Calculate the remainder when s(19) is divided by 59.
55
Let m(b) = b**2 - 7*b + 2. Let h = -19 - -14. What is the remainder when (-579)/(-15) - (-3)/h is divided by m(9)?
18
Suppose -2*o + 2 = -0, 3*w + 3*o = 0. Calculate the remainder when 85 is divided by 85/2 + w/(-12)*6.
42
Let z(t) = t**2 - 15*t + 58. Calculate the remainder when 73 is divided by z(14).
29
Let r = -51 - -53. Suppose 33 = 3*p - r*p. Calculate the remainder when p is divided by 17.
16
Suppose 0 = b + h - 16, 2*b - 23 = 3*h - 2*h. Let k = 70 - 27. Let f = k - 7. What is the remainder when f is divided by b?
10
Let i(l) = 17*l - 1. Suppose 3*q - 4 = 2. Let f be i(q). Suppose 3*y - 3 = -a, -3*a + f = 3*y - 6*y. What is the remainder when a is divided by 3?
0
Let j = -779 + 905. Calculate the remainder when 257 is divided by j.
5
Suppose w + 0*w = -3*t + 37, 0 = -w - 4*t + 41. Suppose 0 = -w*j + 30*j - 120. Let x = -10 - -19. Calculate the remainder when j is divided by x.
6
Suppose s - 69 = 4*j, -98*s - 72 = -99*s + 5*j. What is the remainder when s is divided by 40?
17
What is the remainder when 1/((-14)/98) - -1*3049 is divided by 15?
12
Suppose -42 = -8*j + 78. What is the remainder when 74 is divided by j?
14
Suppose 4*a = -2*a. Suppose -n - i = -38, a = -5*n + i - 5*i + 191. Calculate the remainder when n is divided by 14.
11
Let s = 990 + -951. Calculate the remainder when 136 is divided by s.
19
Let m = 712 + -631. Let h = 36 + 6. Calculate the remainder when m is divided by h.
39
Suppose 0 = 5*m + 101 - 316. Let a(q) = 10*q**2 - q. Let l(z) = -z + 3. Let i be l(4). What is the remainder when m is divided by a(i)?
10
Let n = 0 + 0. Suppose -6*m + 102 = -n*m. What is the remainder when 66 is divided by m?
15
Let p = -510 - -652. What is the remainder when p is divided by 40?
22
Let p be (63 + -3 + 2)/((-4)/(-2)). Suppose 4*o = a - 21, -a + 6*o = 7*o - p. Calculate the remainder when 143 is divided by a.
27
Let v(i) = -8*i**2 + 141*i - 1. What is the remainder when v(12) is divided by 91?
84
Suppose -23 = -15*q + 10*q + 3*b, b = -4*q + 32. Let c be 94/8 + (-1)/(-4). Let v = 15 + c. What is the remainder when v is divided by q?
6
Suppose -o = -6*o + 4*f + 257, 4*o + 2*f = 190. Let j = -27 + o. Suppose -2 = -u + 3*x, -4*x - 4 = -12. What is the remainder when j is divided by u?
6
Calculate the remainder when (529/(-69))/((-3)/9) is divided by 23.
0
Suppose -4*r = 0, -5*l - 44 = r - 274. What is the remainder when 68 is divided by l?
22
Suppose 0 = -5*r - s - 3*s + 125, -3*s + 101 = 4*r. Suppose 5*t - 275 = -2*u, -u = -t + 33 + r. Calculate the remainder when t is divided by 12.
9
Let b(x) = -4*x + 61. What is the remainder when 108 is divided by b(6)?
34
Let b be (0 + 0/(-2))/(-3). Suppose b = -3*s + 17 + 7. Calculate the remainder when 112/(-140)*(1 - 16) is divided by s.
4
Suppose -2*y + 473 = -3*g, -y - 2*g = -99 - 120. Let l = -156 + 177. Calculate the remainder when y is divided by l.
19
Let z(n) = -n**2 - 8*n + 13. Suppose -5*b - 8 = -88. What is the remainder when z(-5) is divided by b?
12
Suppose -4*q + 2*f + 157 = -71, 0 = 3*f - 12. Calculate the remainder when q is divided by 23.
13
What is the remainder when 696 is divided by (-2)/(-7) - 273/49*-3?
16
Suppose -284 - 31 = -9*g. Calculate the remainder when 137 is divided by g.
32
Suppose -2*p + 5*p - 250 = -5*i, -4*i + p + 217 = 0. What is the remainder when 259 is divided by i?
47
Suppose -6 = a + 2*m - 19, 3*m - 15 = 0. Let p be (-9)/27 - (-669)/9. Let s = 79 - p. Calculate the remainder when s is divided by a.
2
Suppose l - 5*l = 2*u - 26, 0 = -4*u - 4*l + 72. Suppose 3*c - 5*q + 0 - u = 0, -2*c + 30 = 4*q. What is the remainder when c is divided by 7?
4
Suppose 3*n - k - 524 = k, 2*k + 700 = 4*n. What is the remainder when n is divided by 30?
26
Let v = -121 - -246. What is the remainder when v is divided by 16?
13
Let w = -2 + 5. Suppose 2*g = -3*g + 60. Suppose 0 = 3*f - 2*o - 60, -f + 2*o - g = -2*f. Calculate the remainder when f is divided by w.
0
Suppose 0*b = 4*l - 4*b - 56, l + b - 20 = 0. Suppose 2 = 2*u - 0. Let z(j) = 6*j**3 + 2*j**2 - 3*j + 2. What is the remainder when l is divided by z(u)?
3
Let p(j) = 2*j + 28. Let f be p(-14). Suppose 3*g - 11*g + 104 = f. Let m(k) = k - 1. Calculate the remainder when g is divided by m(5).
1
Suppose -13*h + 12 = -12*h + 4*m, -2*h + 2*m + 54 = 0. What is the remainder when 42 is divided by h?
18
Suppose 8*v - 24 = -0*v. Suppose 28 = -3*q + 7*q + 4*z, 3*z - 12 = 0. Suppose u + o - q*o = 1, v*u - o - 18 = 0. What is the remainder when u is divided by 4?
3
Let b(u) = u**3 - 6*u**2 - 21*u + 10. Suppose 4*y = 5*a - 45, -3*a - 2*y + 27 = -3*y. Let m = 50 + -33. What is the remainder when b(a) is divided by m?
13
Suppose 14*a - 7*a = 126. What is the rem